/b - -3. Let o(t) = -t**3 + 2*t**2 - 1. What is o(y)?
0
Let d(j) = 2*j**2 - 9*j + 1. Let y be d(5). Let b(t) be the first derivative of t**4/4 - 2*t**3 - t**2/2 + 6*t - 1. Give b(y).
0
Let h(y) be the third derivative of -y**5/60 + 3*y**4/8 - 2*y**3/3 - 10*y**2. What is h(6)?
14
Let k(l) = 4*l**3 + 4*l**2 + 6*l + 4. Let v(j) = 3*j**3 + 6*j**2 + 7*j + 4. Let r(p) = 2*k(p) - 3*v(p). What is r(-9)?
-4
Let m(t) = t**2 - 4*t + t**2 - 44 + 20 + 27. Suppose 5*n - 3 - 16 = -2*k, 3*n - 7 = k. Determine m(k).
3
Let m be ((-1)/2)/((-5)/50). Let b(n) be the first derivative of -n**4/24 + 2*n**3/3 + n**2 - 1. Let w(o) be the second derivative of b(o). Give w(m).
-1
Let q(o) be the first derivative of 2*o**3/3 + 2*o**2 + 4*o + 6. Give q(-3).
10
Let z(t) = -t**2 + 3*t + 5 - 4 - t - 5. What is z(5)?
-19
Let s(f) = -f. Let a(p) = -p**2 + 6*p. Let c be a(6). Let z = c - 1. Calculate s(z).
1
Let p be (-42)/8 + (-1)/(-4). Let g(c) = c + 3. Let u = 1 - -3. Let j(l) = l + 3. Let v(o) = p*j(o) + u*g(o). Give v(3).
-6
Let x(l) = -4*l**3 + 10*l**2 - l + 5. Let t(n) = -5*n**3 + 11*n**2 - n + 6. Let d(c) = 5*t(c) - 6*x(c). Calculate d(-5).
-5
Let u(o) = -5*o - 6*o**2 - o + 5*o**2 - o. Give u(-7).
0
Suppose 8 = -7*b + 3*b. Let s(x) = x. What is s(b)?
-2
Let a(n) = -n**3 - 14*n**2 - n - 13. Let l be a(-14). Let d(g) = 10*g**2 - g. Calculate d(l).
9
Let b(i) = i**2 - i. Let d be 4 + -1 + (-2)/(-1). Suppose -4*m + 12 = 4*o - 2*m, -2*m = -2*o. Suppose d*r = o*r + 9. Calculate b(r).
6
Let y(o) = -o**2 - 4*o + 3. Let j be (-114)/(-9) - 4/6. Let t = j + -7. Let f be (t/(-3))/((-1)/(-3)). What is y(f)?
-2
Let q(z) = -z**2 - 7*z + 5. Suppose 0 = -5*i + 38 - 113. Let b = 9 + i. What is q(b)?
11
Let d(s) = 5*s. Suppose -3*n = -3*y - 6, 4*y + 17 = 2*n + 1. Let x(i) = 14*i. Let z(l) = y*x(l) + 17*d(l). Determine z(6).
6
Let f(d) = -d**3 - 2*d**2 - 2*d - 4. Let b be f(0). Let c(i) = -i**2 - 5*i - 6. Calculate c(b).
-2
Suppose -3 = 4*h - s, 5 + 10 = -4*h + 5*s. Let t(d) be the third derivative of -d**4/24 + 5*d**3/6 + 2*d**2. Give t(h).
5
Let h(n) = n**2 + 5*n + 1. Let q(l) = -l**2 + 3*l. Let w be q(3). Suppose 6*o - 3*o + 12 = w. Let t be (-6)/((-10)/o - 1). Determine h(t).
-3
Let b(y) be the third derivative of -y**4/6 - 8*y**2. Determine b(-2).
8
Let q(z) = -2 + 1 + 5*z**2 - z**3 - z + 0*z**3. Let x(j) = -j**2 + 5*j - 2. Let o be ((-4)/(-5))/((-14)/(-35)). Let i be x(o). What is q(i)?
11
Suppose 10 - 4 = 3*y. Suppose 3 = 3*r - 6. Let t(d) = -d**2 - d**2 + 0*d**2 - 1 - d + 2*d**r. Give t(y).
5
Let f(b) = 19*b**2 + b. Suppose -42*u = -41*u + 1. What is f(u)?
18
Let k(z) be the second derivative of -z**3/3 + 5*z**2 + 14*z. What is k(8)?
-6
Let k(n) = n - 5*n**2 - 9*n**2 + 0 + 17*n**2 - 2 + n**3. Suppose 0 = 4*d - 6*d - 4. Give k(d).
0
Let m(i) = -6*i + 3. Let z(p) = 7*p - 4. Let d(c) = -5*m(c) - 4*z(c). Determine d(-3).
-5
Let c = 24 + -25. Let b(d) = -5*d**2 + 7*d + 1. Let m(h) = 4*h**2 - 8*h - 1. Let y(l) = -7*b(l) - 6*m(l). Determine y(c).
11
Let o(p) = p**3 + 4*p**2 - 3*p + 1. Suppose 5*u - u - 8 = 0. What is o(u)?
19
Let m(w) = w + 7. Let d(q) = -1. Let r(u) = 6*d(u) + m(u). Let o be 41/(-3) + (-12)/(-18). Let x be -1 + -2 - (-16 - o). Determine r(x).
1
Let f(n) = -2*n**2 - n**3 - 2*n + 1 + 0*n**3 + 0*n**3. Let p be -2 - (-4 - 4/2). Suppose -p*m = -2 + 10. What is f(m)?
5
Let k = 3 + -1. Let w be (-4)/3*(-6)/4. Let f(a) = -w*a - 2*a + a + k*a. Determine f(5).
-5
Let c(b) be the second derivative of b**4/24 + 5*b**3/3 - 5*b**2/2 - 2*b. Let h(m) be the first derivative of c(m). Give h(-6).
4
Let l(v) be the third derivative of v**7/210 + v**4/24 + 5*v**3/6 + 2*v**2. Let u(h) be the first derivative of l(h). What is u(-1)?
-3
Let h(c) = -c + 2. Let g = 18 + -18. Let u be g*(4 - (-18)/(-4)). Determine h(u).
2
Let y(i) be the third derivative of -4*i**2 + 1/24*i**4 + 0 + 0*i - 1/2*i**3. Determine y(2).
-1
Let h(q) be the second derivative of 1/12*q**4 + 0*q**3 - q + 0 + 1/20*q**5 + 3*q**2. Let v be (44/(-12) - -3) + 4/6. What is h(v)?
6
Let l = -18 + 6. Let m be -1 - (2 + l/3). Let f(t) = t**3 - 2*t**2 + 1. Calculate f(m).
0
Let o(w) = -w**2 + 5*w - 4. Let h be ((-2)/(-4))/((-4)/(-32)). Let v(r) = r. Let z be v(h). Calculate o(z).
0
Let k = 4 - 0. Let v(q) = -k*q - q + 4*q. Calculate v(-5).
5
Let g(j) be the first derivative of j**2/2 + 6*j + 4. Determine g(-8).
-2
Let q(p) = 3 + 3*p**2 - 7*p**2 + 3*p**2 - 4*p + 3. What is q(-5)?
1
Let c(a) = a**3 + 5*a**2 - 5*a - 2. Suppose -17 = 3*b + 1. Calculate c(b).
-8
Let o = -5 - -3. Let f(z) be the first derivative of 2*z + 2/3*z**3 + 2 + z**2. Give f(o).
6
Suppose -3*x + x + 20 = 0. Suppose x - 1 = 3*j. Suppose j = -5*b + 6*b. Let g(w) = -2*w**2 + 3*w + 3. Give g(b).
-6
Suppose 32 = -14*u - 66. Let t(o) = o**3 + 8*o**2 + 5*o + 9. Determine t(u).
23
Let v = -10 + 8. Let y(t) = t - 4. Let l(f) = -f + 7. Let s(q) = v*l(q) - 5*y(q). Give s(5).
-9
Let w be 6/12 - (-2)/(-4). Let c(y) be the second derivative of 0 + y + w*y**2 - 1/6*y**3. What is c(4)?
-4
Let m(k) = -k + 10. Let q(g) = -g + 10. Let f(a) = -3*m(a) + 2*q(a). Let s(w) = -w - 4. Let o be s(-4). Calculate f(o).
-10
Let g(f) be the second derivative of -f + 1/4*f**4 - 1/20*f**5 + 0 + 2*f**2 + 1/2*f**3. Let a = 6 + -2. Determine g(a).
0
Let s(p) = p**3 - 12*p**2 + p - 6. Let o be s(12). Let y(h) = -h**3 + 7*h**2 - 7*h + 9. Let b be y(o). Let u(g) = -g - 8 - g + b. Determine u(-4).
3
Let z be 1*3/(-1) - -2. Let d(m) = -7*m**2 - m. What is d(z)?
-6
Let b(o) = -2*o - 2. Let w be b(-2). Suppose w*g + 3 + 3 = 0. Let v(s) = s**3 + 4*s**2 + 3*s + 1. Give v(g).
1
Suppose -14 = -4*v - v + 2*b, -4*v = 4*b. Let z(p) = 0 - v - 4*p + 0*p. Determine z(2).
-10
Let s be 4/(-18) - (-4)/18. Suppose 5*h + 10 = -s*h. Let r(p) = p**2 + 2*p + 3. Calculate r(h).
3
Let b(r) = -3 - 2*r**2 + 0 - 3*r - r. Let y(u) = u**2 - 6*u + 4. Let i be y(5). Let s = -1 + i. What is b(s)?
-3
Let i(o) be the third derivative of -o**6/360 + o**5/30 + o**4/24 + 7*o**3/6 + 3*o**2. Let q(a) be the first derivative of i(a). Give q(4).
1
Let g(d) be the third derivative of d**9/12096 - d**8/10080 - d**7/5040 + d**5/20 - 6*d**2. Let z(j) be the third derivative of g(j). Give z(-1).
-6
Let o(j) = 3*j**2 + j - 1 + 1. Let x be o(1). Suppose 0 = 3*v - 5*v + x. Let c(f) = f**2 - f - 2. Calculate c(v).
0
Let d(b) = b**2 + 8*b + 4. Let m(n) = n + 2. Let i be 10 - (3 + (-3)/3). Let a be m(i). Let g be (3/(-2) + 1)*a. Determine d(g).
-11
Let t = 118 + -112. Let j(m) = 3*m - 5. Determine j(t).
13
Let y = -5 + 4. Let g(n) = -n - 1. Let k be g(-6). Let q(r) = 4 - 7*r**2 - k + r**2. What is q(y)?
-7
Let j = 10 - 10. Let h(r) = -6*r - 2 - r**2 + 2*r + j*r + 1. What is h(-5)?
-6
Suppose -5*p - m = -11, p - 10 = 3*p + 4*m. Let v(k) = -k**2 + 2 + k**2 + k**2 + k**p - 5*k**2 - 6*k. What is v(5)?
-3
Let h(r) = -11*r**3 - 7*r**2 + 3*r + 8. Let z(q) = -7*q**3 - 5*q**2 + 2*q + 5. Let d(n) = 5*h(n) - 8*z(n). Determine d(-5).
5
Let f(n) = 3*n**2 - n - 1. Let w(d) be the first derivative of -d**2/2 - d - 3. Let s be w(-3). Give f(s).
9
Let g(i) = i**3 - 5*i**2 + 4*i. Let j(h) = 5*h + 23*h**2 - 2*h + h**3 - 27*h**2. Let m(b) = 5*g(b) - 6*j(b). Determine m(-3).
12
Let l(f) = -f + 1. Suppose -4*g + 4 - 12 = 0. Calculate l(g).
3
Suppose -3*k + 12 = -3*j - 0*k, -2*j - k = 20. Let u(y) = y**3 + 8*y**2 + 2*y + 7. What is u(j)?
-9
Let b(m) = -10. Let v(w) = w - 11. Let k(p) = -5*b(p) + 4*v(p). Determine k(-6).
-18
Suppose 5*r + 21 = 2*w - 8, 24 = 3*w - r. Let i(g) = -g + 6. Calculate i(w).
-1
Let t(s) = s + 3. Let r be t(4). Let j(d) = -5*d - 3*d**3 + 4*d**2 - 10*d**2 - d + 4*d**3 - 4. Calculate j(r).
3
Let n(u) = u**3 - 17*u + 2. Let r be n(4). Let p(q) = 7*q**2 + 2*q + q**3 - 2 + 0 - q**2. What is p(r)?
10
Let z(w) = 13*w**2 + w - 7. Let m(f) = -f**3 + 3*f**2 + 11*f. Let k be m(5). Let r(x) = 19*x**2 + x - 10. Let v(s) = k*r(s) - 7*z(s). What is v(-1)?
5
Let u(z) = -2*z**3 + 8*z**2 + 17*z - 15. Let h(d) = d**3 - 4*d**2 - 8*d + 7. Suppose 3*r - 5 = 2*r. Let g(i) = r*h(i) + 2*u(i). Give g(5).
0
Let u be (-11)/(-4) + (-2)/(-8). Suppose 0 = -u*r + r + 6. Suppose 0 = q - 2*m - 3*m + 26, r*q = 4*m - 23. Let b(d) = -5*d**2 - 1. Calculate b(q).
-6
Let d(f) = 3*f + 3. Suppose -2*j - l - l = 16, 3*j + 2*l + 24 = 0. Let m be 2/((-2)/j*-2). Determine d(m).
-9
Let v = -5 + 7